s divided by 13?
7
Let x = 21 - 13. Let n be x*(1 + 3/(-6)). What is the remainder when (-1)/2 - (-26)/n is divided by 2?
0
Suppose -o + 5*o = 44. Calculate the remainder when o is divided by 4.
3
What is the remainder when -2*(-2 - (18 - -3)) is divided by 10?
6
Let p(m) = 5*m**2 + m - 3. Suppose -2*j - 64 = 5*o - 189, -70 = -j - o. Calculate the remainder when j is divided by p(2).
18
Suppose 0 = -4*j + 4*i + 76, i = -3*j - 4*i + 17. What is the remainder when j is divided by 4?
2
Let h = 20 + -14. Suppose d = -2*t + 47, -h*d - t + 244 = -d. What is the remainder when d is divided by 13?
10
Let j(d) = d**3 + 6*d**2 + 3*d - 4. Let u be j(-5). Let h = 0 + u. Calculate the remainder when 17 is divided by h.
5
Let x = 190 - 169. Calculate the remainder when x is divided by 16.
5
Let h(k) = -k**3 + k + 47. Let d(l) = l**3 + 6*l**2 + 5*l + 4. Calculate the remainder when h(0) is divided by d(-3).
15
Suppose -84 = -5*v + 241. Calculate the remainder when v is divided by 24.
17
Let s = 72 + -134. Let k = s - -120. Calculate the remainder when k is divided by 30.
28
Let u(h) = -10*h**2 - 4*h + 2 + 2 - h**3 - 2 + 4. What is the remainder when u(-10) is divided by 12?
10
Suppose -5*b = -17 + 62. Let d = b - -19. Calculate the remainder when 27 is divided by d.
7
Let x be (-1)/(-2) - (-14)/4. Suppose p - x*p = -24. Let z = 2 - -1. Calculate the remainder when p is divided by z.
2
Suppose -m - 51 = -4*m. What is the remainder when m is divided by 112/20 + 4/10?
5
Suppose 4*c + 2*p = 158, 4*c - 137 = 5*p - 0*p. Calculate the remainder when 151 is divided by c.
37
Calculate the remainder when (5 + 0)/((-4)/(-44)) is divided by 14.
13
Suppose -o + 24 = -0*o. Calculate the remainder when 94 is divided by o.
22
Calculate the remainder when 252 is divided by (9/(-6))/((-8)/272).
48
Suppose y = 3*n - 7, -3*y = 5*n - 33 + 12. Let t be 2 + 8*-4*y. Let b = -44 - t. Calculate the remainder when b is divided by 10.
8
Suppose -3*s - 15 = -5*q, 5*s = -5*q + 7 + 8. Suppose 69 + 9 = q*n. What is the remainder when 51 is divided by n?
25
Suppose 7 = w + 3. Let p = 15 + -12. Suppose w*x = 3*x + p*d + 50, 3*x - 5*d = 130. What is the remainder when x is divided by 12?
11
Let a(x) = -41*x + 1. Let s be a(-1). Let h(w) = s + w + 6*w - 6*w. What is the remainder when h(0) is divided by 22?
20
Let v = 17 + -15. Suppose 5*i + 4*w + w - 10 = 0, i = -4*w + 5. What is the remainder when v is divided by i?
0
Let p(c) = c**3 + 12*c**2 - 3*c + 5. Let r(t) = 8*t - 2. Calculate the remainder when p(-12) is divided by r(2).
13
Suppose -39 = -3*u - 4*w, -2 - 13 = -u - 2*w. What is the remainder when 16 is divided by u?
7
Calculate the remainder when (-4)/(-8) - (-326)/4 is divided by 21.
19
Let p = 1 + 15. Let m(k) = 2*k**3 - k + 1. Let l be m(1). What is the remainder when p is divided by 5 + l + 6/3?
7
Let n(w) = -10*w + 3. What is the remainder when n(-3) is divided by 12?
9
Let w(u) = u + 12. Let k be w(-10). Suppose 0 = -m - k*m + 60. Calculate the remainder when 57 is divided by m.
17
Suppose 0 = 2*r + 3*r. Suppose 3*z - z - 26 = r. What is the remainder when 37 is divided by z?
11
Suppose -2*q = -2, -2*q - 7 - 36 = -3*n. Calculate the remainder when 38 is divided by 12/3*n/3.
18
Let p(t) = -45*t + 4. What is the remainder when 291 is divided by p(-1)?
46
Suppose -20 - 4 = 4*s. Let g(r) = -7*r - 7. Let i be g(s). Suppose i = 3*y + 2. What is the remainder when 32 is divided by y?
10
Let t(w) = w**2 + w - 5. Let b(j) = 5*j - 2*j - 2*j - 11. Let v be b(5). What is the remainder when t(v) is divided by 9?
7
Let f(p) = 6 - 1 + 0 + 2*p. What is the remainder when f(6) is divided by 9?
8
Let k(b) = 14*b - 14. Let r(h) = -5*h + 5. Let w(c) = 6*k(c) + 17*r(c). Let f be w(7). What is the remainder when 13 is divided by 9/(-3)*10/f?
3
Let v = 1 + 6. Suppose -v - 15 = -y. What is the remainder when y is divided by 8?
6
Let i be 1 - (0 - 0) - -1. Suppose 5*w + 13 = -i*n, -4*n + 19 = -w + 2*w. Suppose 28 + 22 = 5*b. Calculate the remainder when b is divided by n.
4
Suppose -12 = 3*h - 6*h, 0 = -4*i + 5*h - 12. Let u(y) = y**2 - 9*y + 6. Let a be u(8). What is the remainder when i is divided by (-3)/(-2) + a/(-4)?
0
Suppose 7 + 33 = 4*n. Calculate the remainder when 29 is divided by n.
9
Calculate the remainder when (-7 - 3) + 8 - (-43 - 0) is divided by 12.
5
Let z(f) = -58*f + 1. What is the remainder when z(-2) is divided by 30?
27
What is the remainder when (-2 + -33)*(-2 + 0) is divided by 24?
22
Suppose -91 = -4*t - 7. Let k = t - 13. Calculate the remainder when k is divided by 5.
3
Let n(u) = -6*u - 1. Let v be n(2). Let p = 43 + v. What is the remainder when p is divided by 8?
6
Let k = 77 + 37. What is the remainder when k is divided by 13?
10
Let m be (6 + -2)/(2 - 0). Calculate the remainder when (-15 + -2)*m/(-2) is divided by 10.
7
Suppose 3*o = -o + 12. Let d(h) = -3*h**2 - 11*h - 3. What is the remainder when o is divided by d(-3)?
0
Let r(o) = o**3 - 13*o**2 + 2*o + 12. Let w be r(13). Calculate the remainder when 55 is divided by -3*(-1)/6*w.
17
Let v = 56 + -53. What is the remainder when 10 is divided by v?
1
Suppose 0 = -5*j - 9 + 24. Calculate the remainder when 11 is divided by j.
2
Suppose c = 3*o - 511, 3*c - 326 = -2*o - 0*o. Suppose 35 - o = -2*r. Calculate the remainder when r is divided by 17.
16
Let g = 0 - -1. Calculate the remainder when 6 + ((-4)/(-12))/((-6)/36) is divided by (2 - g) + (-1 - -3).
1
Suppose 2*j + 245 = 7*j. Calculate the remainder when j is divided by 13.
10
Suppose -4*i + 75 = -i. Let b(o) = o**3 + 5*o**2 - 9*o - 5. What is the remainder when i is divided by b(-6)?
12
Suppose -28 = -2*z - 0. Let x = z + -7. Calculate the remainder when x is divided by 4.
3
Suppose -v + 12 = -0. Calculate the remainder when 45 is divided by v.
9
Suppose -146 = -3*f - 11. Let m(r) = r**3 - 25*r**2 + 16. What is the remainder when f is divided by m(25)?
13
Suppose 94 = 3*d - 4*x + 3*x, -4 = 4*x. Let p = -21 - -9. What is the remainder when d is divided by 33/p*(0 - 4)?
9
What is the remainder when 3 is divided by ((6/(-4))/((-9)/12))/2?
0
Calculate the remainder when (2 - 3) + 0 - -4 is divided by 1/(1/7*(-175)/(-50)).
1
Suppose 0 = 4*n - 222 + 62. What is the remainder when n is divided by 12?
4
Suppose -6*b = -0*b - 234. What is the remainder when 193 is divided by b?
37
Let l(i) = 2*i**2 + 4*i - 10. Let v(q) = q**3 + 4*q**2 - 4*q + 5. What is the remainder when l(-7) is divided by v(-4)?
18
Let a(g) = g**3 - 6*g**2 + 8*g + 4. What is the remainder when a(6) is divided by 14?
10
Let i = -86 + 147. Calculate the remainder when i is divided by 9.
7
Let b = 136 + -226. Calculate the remainder when 1 + (b/(-1))/3 is divided by 11.
9
Suppose 565 = 7*q - 2*q. Suppose -341 = -4*v - q. Calculate the remainder when v is divided by 15.
12
Suppose 0 = -5*r + m + 324, -2*m + 265 = 4*r + 3*m. What is the remainder when r is divided by 22?
21
Suppose 0 = 2*s - 16. Suppose 0*b + 16 = 5*u + b, 3*b = 3*u - 24. Let n = 9 - u. Calculate the remainder when s is divided by n.
3
Let r = 85 + -83. Calculate the remainder when 6 is divided by r.
0
Let b = 17 - 5. Suppose 5*k - 3*k = 2*o + 16, o = 5*k - 12. Let y = b + o. What is the remainder when y is divided by 2?
1
Let n = 0 + 8. What is the remainder when 15 is divided by n?
7
Suppose 2*s = -10 + 2, 3*s = 5*t - 562. Suppose 4*u + 5*i + t = 324, 59 = u + 4*i. Calculate the remainder when u is divided by 18.
15
Suppose 0*v = 4*v - 36. Let h(j) = 2*j - 7. Let s be h(5). Suppose 72 = s*d + i, -d = -2*d - 5*i + 10. Calculate the remainder when d is divided by v.
7
Suppose -8 - 8 = -4*q. Calculate the remainder when 9 is divided by q.
1
Calculate the remainder when 4/(-5) + (-1716)/(-20) is divided by 29.
27
Let w be 4/16 + 2/(-8). What is the remainder when w - -2 - 3*-5 is divided by 5?
2
Let i = 4 + 6. What is the remainder when 39 is divided by i?
9
Let a(m) = m**3 - 15*m**2 + 3*m - 10. Calculate the remainder when 138 is divided by a(15).
33
Suppose n = -4*n - m + 326, 2*n = 4*m + 126. Calculate the remainder when n is divided by 17.
14
Let y(v) = 70*v - 10. Calculate the remainder when y(3) is divided by 29.
26
Let h be (-35)/4 + 3/4. Calculate the remainder when 11 is divided by (6/h)/(1/(-8)).
5
Let v be (-1)/((2/(-25))/2). L